t are the prime factors of r(j)?
2, 13
Let r = -121 - -351. List the prime factors of r.
2, 5, 23
Let p = 22 - -13. What are the prime factors of p?
5, 7
Suppose 0 = -4*q - 0*q + 20. Suppose 3*j - q*j - 5*u + 105 = 0, -254 = -5*j - 4*u. List the prime factors of j.
2, 5
Suppose -5*i = 3*f - 90, -6*f = -5*f + 2*i - 29. List the prime factors of f.
5, 7
Let j(o) = -6*o**2 + o. Let h(l) = 2*l**2 + l**2 - 5*l**2. Let p(q) = 5*h(q) - 2*j(q). What are the prime factors of p(2)?
2
Let n(d) = d**2 + 6*d + 4. Suppose k + 12 = -2*k - 3*a, 2*k + 16 = 2*a. List the prime factors of n(k).
2
Let f(o) = o + 14. What are the prime factors of f(0)?
2, 7
Suppose 0*p = 2*p - 28. What are the prime factors of p?
2, 7
Let c = 37 - 4. List the prime factors of c.
3, 11
Let l(r) = 2*r - 2*r**2 - 2*r**3 - 2*r**3 + 2*r**3. Let v be l(-2). List the prime factors of 13/v - (-1)/(-4).
3
Suppose -8*v - 180 = -3*v. Let o = v - -56. List the prime factors of o.
2, 5
Suppose 1 = -2*p + v - 4, -3*p - 12 = -3*v. What are the prime factors of (-4)/(-8)*50 - p?
2, 13
Let d(q) = -3*q - 6. Suppose 0 = 4*l + 5*n + 25, 3*l - l + 4*n = -20. Suppose l = -p - 1 - 4. List the prime factors of d(p).
3
Suppose -3*u + 6*u + 9 = 0. Let r = u + 3. Suppose 0 = -4*w - 16, r*t - t - 5*w = 13. List the prime factors of t.
7
Suppose -2*z + z = w - 198, 3*w = 5*z + 634. What are the prime factors of w?
7, 29
Suppose 5*y = 25, 0*j - j - y + 14 = 0. List the prime factors of -3*(60/j)/(-4).
5
Let v be (-1 - 0)/(4/(-20)). Suppose 25 + 14 = -5*n + 4*b, v = -n - 2*b. List the prime factors of (n/2)/(4/(-8)).
7
Suppose 0 = -4*j - 20, -4*i + 9 + 4 = -j. What are the prime factors of i?
2
Suppose 0 = -4*l - 4. What are the prime factors of -4 - -3 - (l + -17)?
17
Suppose 5*x = -2*l + 34, 2*x = 4*l + 4*x - 68. List the prime factors of l.
17
Suppose 4*a + 22 = -3*l, 2 = -2*l - 2. Let g(u) = 4*u - 2. Let q be g(a). Let f = -11 - q. What are the prime factors of f?
7
Suppose -6*s + 215 + 115 = 0. List the prime factors of s.
5, 11
Suppose 3*q - 228 + 117 = 0. Let n be (-7)/(-2)*(-4)/1. Let j = n + q. List the prime factors of j.
23
Suppose 6 = 3*o, -4*o + 8*o - 146 = -3*s. Suppose -6 + s = -4*l. What are the prime factors of (-2)/1*l/4?
5
Suppose 112 = -4*n - 0*n. Let p = n - -42. Suppose 0*c = -c + p. List the prime factors of c.
2, 7
Suppose -i - 28 = -5*i. Let h(c) = c - 5. Let s be h(i). What are the prime factors of -1*(-33)/6*s?
11
List the prime factors of 1075/30 + 1/6.
2, 3
Suppose -3*t + 0*t + 5*m + 70 = 0, 4*t - 105 = -5*m. Suppose -1 = 3*q - t. List the prime factors of q.
2
Suppose 0 = -5*z + 3*u + 174, -2*u - 3 = -u. Let t = 65 - z. List the prime factors of t.
2
Let j = -44 + 52. List the prime factors of j.
2
Let m(t) = t**2 - t + 1. Let a(w) = w + 4. Let f(g) = a(g) - 2*m(g). Let x be f(4). Let c = -11 - x. List the prime factors of c.
7
Let b(k) = -k**2 + 7*k**2 - 1 + 7*k**2. List the prime factors of b(1).
2, 3
Let i(m) = -m + 4. Let c be i(7). Let f be c/4*24/(-2). Let j = f + -4. List the prime factors of j.
5
Suppose 16 = q + 5*l - 10*l, 0 = -3*l - 6. Suppose q*r = 10*r - 68. List the prime factors of r.
17
Let b(j) = j**3 + 8*j**2 - j + 15. What are the prime factors of b(-7)?
71
Suppose 1 - 5 = h. Let r = -4 - h. Suppose 0 = -0*u - 3*u + 5*q + 43, r = -u + 3*q + 21. What are the prime factors of u?
2, 3
Let h = 12 - 12. Suppose 0 = z - h*z - 22. What are the prime factors of z?
2, 11
Suppose 0*w - 3*w + 11 = 4*f, 0 = 2*f - 10. Let v = 0 - w. Suppose -v*u + 24 = -3*z, -2*z - z + 16 = u. What are the prime factors of u?
2, 5
Let b = 25 + -23. Suppose 3*x + 4*t - 21 = b*x, -3*x = 4*t - 63. What are the prime factors of x?
3, 7
Let n(y) = 16*y**3 + y**2 - y + 1. Let t be n(1). Let j = 27 - t. List the prime factors of (-39)/(-5) + 2/j.
2
Let h(y) = 8*y**2 + 1. Let x be h(-1). Let f(q) = -3*q**2 + 50*q. Let t(g) = g**2 - 17*g. Let l(r) = 6*f(r) + 17*t(r). What are the prime factors of l(x)?
2, 3
Suppose l + 10 = 2. Let d = l - -13. Suppose 46 = 5*y - 2*f, -4*y + 50 = -0*y + d*f. What are the prime factors of y?
2, 5
Let g = 26 - 37. What are the prime factors of g/(-3) - 8/12?
3
Suppose -24 = 2*z + 3*r - 80, -5*z + 140 = -2*r. List the prime factors of z.
2, 7
Let t = -1 + 0. Let n be -2*((-4)/(-2) + t). List the prime factors of -1*(0 + 3)*n.
2, 3
What are the prime factors of 1/2*(2 + (-5 - -11))?
2
Let i = 5 - 0. Suppose -2 - 3 = i*j. List the prime factors of 0 - (2 - (j + 5)).
2
Let p(b) = b**3 - 7*b**2 + b - 9. Let y be p(7). What are the prime factors of (-60)/(y - 1) + -2?
2, 3
Let y = -113 + 73. Let t = y + 67. What are the prime factors of t?
3
Let y = 9 - 7. Suppose 5 = -l + y*l. What are the prime factors of l?
5
Let g(a) = 7*a + 53. What are the prime factors of g(13)?
2, 3
Let c(q) = -20*q - 1. Let i be c(-1). Let x = -23 + 49. Suppose 3*y - x + 9 = -2*z, z - i = -5*y. What are the prime factors of z?
2
Suppose 9*i = 2*i + 56. Let b be (1 - (0 + 1)) + -6. Let r = b + i. List the prime factors of r.
2
List the prime factors of 4/(-20) - (-321)/5.
2
Let g(l) = l**2 + l + 31. List the prime factors of g(0).
31
Suppose 13 + 2 = d. What are the prime factors of d?
3, 5
Let m(o) = 10*o + 4. Let b be m(5). Suppose 4*x - x - b = -3*v, 4 = -v. List the prime factors of x.
2, 11
Let u = -10 + 17. List the prime factors of u.
7
Let y(k) = k**2 - 9*k - 1. Let n be y(10). Let c = 7 - n. List the prime factors of c + 3 + 17 - 3.
3, 5
Suppose 3*f - 8*f + 4*v + 104 = 0, -3*v = 3*f - 84. What are the prime factors of f?
2, 3
Let j = -226 - -370. What are the prime factors of j?
2, 3
Let v(g) be the second derivative of -g**6/360 - g**5/120 - g**4/6 - 2*g. Let u(k) be the third derivative of v(k). What are the prime factors of u(-4)?
7
Suppose 0 = -n + 3*n - 84. Let u = n + -24. List the prime factors of (u/15)/(6/40).
2
Suppose 0 = -0*i - 3*i - 234. List the prime factors of i/(-4) - 14/(-28).
2, 5
Suppose 0 = 8*s - 116 - 204. List the prime factors of s.
2, 5
Suppose -3*f + s + s = -62, 106 = 5*f - 2*s. What are the prime factors of f?
2, 11
Let v be -6 - -4 - (-24 - -1). Let h = 12 - v. List the prime factors of 1*2 + 0/h.
2
Suppose 456 = 7*x - 216. List the prime factors of x.
2, 3
Suppose -3*v - 12 = 2*i - 50, 4*i = v + 6. Let p = v - 2. What are the prime factors of p?
2
Let j(q) be the second derivative of -q**5/20 + q**4/6 - q**2/2 - 3*q. Let n be j(-1). Suppose -4 = n*y, y = -3*p + 6*y + 58. List the prime factors of p.
2
Let o = -194 - -271. Suppose 2*r - o = 5. What are the prime factors of r?
41
Let t be -21*((-2)/(-3) + 0). Let u = 0 - t. What are the prime factors of u?
2, 7
Let r be 4/(-6) + 248/12. Suppose 7*t = 2*t + r. What are the prime factors of t?
2
Suppose -5*m + 5 = -2*z + 14, -3*m = 5*z - 7. Let d(t) = -6*t. What are the prime factors of d(m)?
2, 3
Suppose 3*b = 5*m + 21 + 7, 5*m = 2*b - 27. Let q = -2 + b. What are the prime factors of -1*(q + 11)/(-2)?
5
Suppose -z + 12 = -5*t, -2*t + 3*z = -2*z - 9. Let q be 1 + t - 8/(-4). Let r = 4 - q. List the prime factors of r.
2
Let w = -23 - -53. List the prime factors of w.
2, 3, 5
Let c(n) = 5*n - 17. What are the prime factors of c(7)?
2, 3
Let y = 207 + -122. List the prime factors of y.
5, 17
List the prime factors of 34/((8/(-9))/(-4)).
3, 17
Let f(b) = 5*b**2 + 2*b + 1. Let v be f(-1). Suppose -6*j + v*j + 28 = 0. Suppose 5*c - j = 31. List the prime factors of c.
3
Suppose 0 = 5*b - q - 326, 7*q + 329 = 5*b + 3*q. List the prime factors of b.
5, 13
Let a = 7 + -7. Suppose -4*u + 4 = -0*u, a = t - 4*u + 1. Suppose 3*y - 49 = -2*q, 2*y + t*q - 27 = 9. What are the prime factors of y?
3, 5
Let g(k) = k + 16. List the prime factors of g(11).
3
Suppose 18 - 10 = -4*o. List the prime factors of (-464)/(-12) + o/(-6).
3, 13
Suppose 4 = c, 4*q + c - 4*c + 16 = 0. Let g = q + 3. What are the prime factors of (-2)/((-8)/3 + g)?
3
Suppose -16 = -4*o - 4. Suppose 0 = o*h + 5 + 4. Let v = 7 + h. List the prime factors of v.
2
Suppose 0 = -2*y - 2*y + 156. Suppose 3*o = -3*l + y, -7*l = -4*l + 5*o - 41. List the prime factors of l.
2, 3
Suppose -6*d = -2*d - 88. Suppose 3*h - 4*u - d = 0, u + 11 = 2*h + 2*u. List the prime factors of h.
2, 3
Let w(y) = -y**2 - 15*y - 13. Suppose 0 = 5*c - 3*m + 49, -59 = 5*c - m + 3*m. List t